.
2, 3, 7, 31, 27061
What are the prime factors of 71450850?
2, 3, 5, 71, 6709
What are the prime factors of 63703294?
2, 31851647
What are the prime factors of 6391602304?
2, 5807, 8599
List the prime factors of 124592896.
2, 59, 73, 113
What are the prime factors of 1796387916?
2, 3, 149698993
What are the prime factors of 630061828?
2, 11, 947, 15121
What are the prime factors of 1182590454?
2, 3, 59, 859, 3889
What are the prime factors of 795308708?
2, 198827177
What are the prime factors of 445562037?
3, 49506893
List the prime factors of 5322386778.
2, 3, 887064463
List the prime factors of 140679210.
2, 3, 5, 7, 669901
List the prime factors of 247110288.
2, 3, 5148131
What are the prime factors of 108744306?
2, 3, 11, 193, 8537
List the prime factors of 4677849374.
2, 11, 1663, 127859
List the prime factors of 203168204.
2, 71, 709, 1009
List the prime factors of 26388308.
2, 6597077
What are the prime factors of 785143378?
2, 53, 7407013
What are the prime factors of 2207483?
2207483
What are the prime factors of 40800625?
5, 97, 673
What are the prime factors of 2297632700?
2, 5, 11, 189887
What are the prime factors of 6090661661?
7, 1051, 827873
What are the prime factors of 143598695?
5, 79, 363541
List the prime factors of 191461581.
3, 21273509
List the prime factors of 882757776.
2, 3, 17, 101, 10711
List the prime factors of 1060402334.
2, 530201167
List the prime factors of 509584263.
3, 169861421
What are the prime factors of 2427537193?
2427537193
List the prime factors of 178055301.
3, 2677, 22171
What are the prime factors of 4001157444?
2, 3, 1861, 179167
List the prime factors of 579637342.
2, 113, 733, 3499
What are the prime factors of 829945828?
2, 883, 234979
List the prime factors of 5099988809.
419, 12171811
List the prime factors of 851751663.
3, 7, 17, 23, 29, 73
List the prime factors of 6682572466.
2, 17, 43, 4570843
What are the prime factors of 595385854?
2, 7, 42527561
What are the prime factors of 8305837421?
7, 1186548203
List the prime factors of 133340238.
2, 3, 31, 197, 1213
List the prime factors of 2188164976.
2, 1447, 94513
What are the prime factors of 48352038?
2, 3, 7, 41, 43, 653
What are the prime factors of 28292009?
41, 71, 9719
What are the prime factors of 66142140?
2, 3, 5, 163, 6763
List the prime factors of 394051832.
2, 49256479
What are the prime factors of 790277088?
2, 3, 2131, 3863
What are the prime factors of 363118802?
2, 23, 29, 272203
List the prime factors of 1489569340.
2, 5, 7, 29, 366889
List the prime factors of 135663301.
41, 101, 181
List the prime factors of 180872253.
3, 23, 401, 2179
What are the prime factors of 56926818?
2, 3, 13, 67, 3631
List the prime factors of 64342546.
2, 23, 31, 45121
List the prime factors of 1412082497.
7, 201726071
What are the prime factors of 545991919?
11, 49635629
What are the prime factors of 9356918?
2, 79, 59221
What are the prime factors of 4944195782?
2, 17, 23, 6322501
What are the prime factors of 60780517?
7, 467, 18593
What are the prime factors of 173131577?
173131577
List the prime factors of 1248233248.
2, 97, 402137
List the prime factors of 3670593.
3, 23, 53197
List the prime factors of 5077488178.
2, 7, 71, 5108137
What are the prime factors of 2496375415?
5, 499275083
List the prime factors of 80838003.
3, 26946001
List the prime factors of 24728286.
2, 3, 11, 34061
What are the prime factors of 169275886?
2, 13, 6510611
List the prime factors of 619693787.
67, 9249161
What are the prime factors of 143897797?
29, 227, 21859
What are the prime factors of 63599640?
2, 3, 5, 13, 59, 691
List the prime factors of 2227649282.
2, 71, 2879, 5449
What are the prime factors of 95956667?
23, 4172029
What are the prime factors of 2479407361?
2479407361
What are the prime factors of 548802127?
47, 11676641
List the prime factors of 152424624.
2, 3, 11, 288683
What are the prime factors of 824576?
2, 3221
List the prime factors of 7015030840.
2, 5, 5051, 34721
List the prime factors of 1642942913.
2129, 771697
List the prime factors of 218189652.
2, 3, 18182471
What are the prime factors of 985898730?
2, 3, 5, 149, 220559
List the prime factors of 102686813.
67, 1532639
List the prime factors of 380352969.
3, 293, 48079
What are the prime factors of 352959628?
2, 7, 1553, 8117
What are the prime factors of 35411499?
3, 97, 4507
List the prime factors of 1049526354.
2, 3, 174921059
List the prime factors of 1226061903.
3, 11, 1433, 2357
List the prime factors of 3710196166.
2, 103, 18010661
List the prime factors of 473080141.
473080141
What are the prime factors of 29266459?
613, 47743
What are the prime factors of 550204256?
2, 7, 41, 139, 431
What are the prime factors of 1454824736?
2, 103, 193, 2287
What are the prime factors of 6332200?
2, 5, 7, 4523
What are the prime factors of 1546576821?
3, 4261, 4481
What are the prime factors of 194086564?
2, 7, 1439, 4817
List the prime factors of 1976324799.
3, 29, 22716377
What are the prime factors of 89398491?
3, 7, 13, 41, 163
What are the prime factors of 266064086?
2, 47, 2830469
What are the prime factors of 3919497282?
2, 3, 72583283
What are the prime factors of 2574112557?
3, 89, 9640871
List the prime factors of 1087592545.
5, 13, 16732193
What are the prime factors of 641572667?
59, 79, 2333
List the prime factors of 467923596.
2, 3, 7, 5570519
List the prime factors of 4026399.
3, 13, 17, 6073
What are the prime factors of 514300488?
2, 3, 13, 457, 3607
List the prime factors of 60132987.
3, 6681443
What are the prime factors of 81221278?
2, 383, 106033
List the prime factors of 87083394.
2, 3, 191, 75989
List the prime factors of 56969686.
2, 17, 1675579
What are the prime factors of 1481308035?
3, 5, 383, 401, 643
What are the prime factors of 5587440146?
2, 1627, 1717099
List the prime factors of 64058314.
2, 32029157
What are the prime factors of 85018997?
7, 12145571
List the prime factors of 1413333510.
2, 3, 5, 53, 67, 13267
List the prime factors of 40948544.
2, 7, 13, 79, 89
List the prime factors of 104302941.
3, 31, 127, 8831
What are the prime factors of 2224136038?
2, 1112068019
List the prime factors of 220336291.
7, 179, 25121
What are the prime factors of 594847655?
5, 1327, 89653
List the prime factors of 1938579589.
41, 563, 83983
List the prime factors of 180196098.
2, 3, 67, 448249
List the prime factors of 748899587.
23603, 31729
List the prime factors of 453238461.
3, 13, 3873833
List the prime factors of 219267764.
2, 73, 750917
What are the prime factors of 1547059797?
3, 57298511
What are the prime factors of 5021309676?
2, 3, 23, 53, 343267
What are the prime factors of 153017220?
2, 3, 5, 43, 127, 467
List the prime factors of 138856826.
2, 19, 167, 21881
What are the prime factors of 47225583?
3, 19, 276173
List the prime factors of 66698580.
2, 3, 5, 13, 233, 367
List the prime factors of 8520489243.
3, 7, 1213, 111497
What are the prime factors of 7843258?
2, 53, 61, 1213
What are the prime factors of 3920647979?
227, 439, 39343
What are the prime factors of 493131219?
3, 7, 97, 233, 1039
What are the prime factors of 16103727?
3, 73, 127, 193
List the prime factors of 33180656.
2, 59, 35149
What are the prime factors of 3071133985?
5, 614226797
List the prime factors of 11242959.
3, 7, 13, 41183
List the prime factors of 2445003706.
2, 79, 15474707
List the prime factors of 75128463.
3, 37, 225611
List the prime factors of 402813939.
3, 11, 53, 230311
What are the prime factors of 1575080009?
1575080009
What are the prime factors of 666526977?
3, 101, 283, 2591
List the prime factors of 1751934795.
3, 5, 13, 859, 10459
List the prime factors of 1295523132.
2, 3, 19, 5682119
What are the prime factors of 53163383?
7, 13, 83459
List the prime factors of 285626207.
1553, 183919
What are the prime factors of 3331969611?
3, 4111, 270167
What are the prime factors of 112636679?
17, 6625687
What are the prime factors of 6196280355?
3, 5, 45898373
List the prime factors of 111650989.
109, 1024321
What are the prime factors of 176599513?
3191, 55343
What are the prime factors of 1260695140?
2, 5, 313, 201389
List the prime factors of 477847695.
3, 5, 13, 79, 31019
What are the prime factors of 290877692?
2, 7, 10388489
List the prime factors of 